 13129.
691
Calculate the greatest common divisor of 379790 and 1141.
163
Calculate the highest common factor of 1640 and 42230.
410
What is the greatest common divisor of 143360 and 30?
10
Calculate the highest common factor of 27354 and 2538.
282
What is the greatest common factor of 925 and 2525?
25
Calculate the greatest common divisor of 40340 and 50.
10
Calculate the highest common factor of 128 and 1913.
1
Calculate the greatest common divisor of 3007 and 181877.
31
What is the greatest common factor of 556189 and 153?
17
What is the greatest common factor of 95 and 12293?
19
What is the greatest common factor of 664 and 101924?
332
What is the greatest common factor of 1795410 and 120?
30
Calculate the highest common divisor of 645 and 85269.
129
Calculate the highest common divisor of 1603 and 10992.
229
Calculate the highest common factor of 40520 and 56.
8
Calculate the greatest common divisor of 2613 and 25125.
201
What is the highest common divisor of 5838 and 31920?
42
What is the greatest common divisor of 4397742 and 738?
738
Calculate the greatest common factor of 19995 and 17415.
645
What is the highest common divisor of 1488 and 142662?
186
What is the greatest common divisor of 460 and 5360?
20
Calculate the greatest common factor of 998401 and 1061.
1061
What is the greatest common divisor of 9 and 9297?
9
What is the highest common factor of 13837 and 411?
137
Calculate the highest common divisor of 1597079 and 201.
67
Calculate the highest common factor of 59 and 263789.
59
What is the highest common factor of 131886 and 68?
34
Calculate the highest common factor of 308018 and 914.
914
Calculate the greatest common factor of 690 and 78798.
138
What is the highest common factor of 1485 and 135795?
165
What is the highest common factor of 2430 and 234495?
1215
What is the greatest common divisor of 258912 and 5742?
522
Calculate the highest common divisor of 326542 and 258.
86
Calculate the highest common factor of 6108 and 12.
12
What is the greatest common factor of 243757 and 519?
173
What is the highest common factor of 355 and 1275?
5
What is the highest common factor of 742 and 76132?
14
What is the highest common divisor of 70605 and 135?
135
What is the greatest common divisor of 183 and 89121?
183
Calculate the highest common factor of 94408 and 16.
8
Calculate the highest common divisor of 12 and 381522.
6
Calculate the greatest common factor of 18 and 4638.
6
Calculate the greatest common divisor of 320 and 76480.
320
What is the highest common factor of 708 and 10148?
236
Calculate the highest common factor of 50204 and 528.
44
Calculate the greatest common divisor of 5910 and 2910.
30
Calculate the greatest common divisor of 432 and 621744.
48
Calculate the highest common factor of 3 and 14976.
3
Calculate the highest common divisor of 74604 and 156.
12
Calculate the highest common divisor of 250 and 204200.
50
What is the greatest common factor of 53 and 2483633?
53
Calculate the highest common factor of 7126 and 1576882.
1018
Calculate the highest common divisor of 80 and 19300.
20
What is the greatest common factor of 2541 and 4114?
121
Calculate the highest common divisor of 12 and 19878.
6
Calculate the highest common divisor of 1586176 and 32.
32
What is the greatest common factor of 4580 and 720?
20
What is the highest common divisor of 2148769 and 164?
41
What is the highest common factor of 3548755 and 5740?
1435
What is the highest common factor of 3272 and 164009?
409
What is the highest common factor of 52 and 307138?
26
Calculate the highest common factor of 17836 and 9212.
196
What is the greatest common factor of 1619662 and 332?
166
Calculate the greatest common factor of 924 and 55748.
308
Calculate the highest common factor of 2798901 and 1062.
531
What is the highest common divisor of 146269 and 61515?
1367
Calculate the highest common factor of 40 and 274520.
40
Calculate the greatest common factor of 854550 and 35870.
2110
Calculate the greatest common factor of 990 and 4680.
90
What is the greatest common divisor of 247 and 76?
19
What is the greatest common divisor of 206791 and 39?
13
Calculate the highest common divisor of 394 and 22.
2
What is the greatest common factor of 182 and 376740?
182
What is the highest common divisor of 20995 and 780?
65
What is the greatest common divisor of 250100 and 244?
244
What is the greatest common divisor of 34663 and 51?
17
What is the greatest common divisor of 14 and 542437?
7
Calculate the greatest common factor of 3633377 and 1507.
1507
Calculate the highest common factor of 2000 and 19750.
250
Calculate the highest common factor of 25 and 848075.
25
What is the greatest common factor of 244176 and 288?
48
What is the greatest common divisor of 33297 and 48?
3
Calculate the highest common factor of 2446 and 10.
2
What is the greatest common factor of 34439 and 3?
1
What is the highest common factor of 216 and 3756?
12
Calculate the highest common factor of 502809 and 221.
17
What is the greatest common factor of 80775 and 275?
25
What is the greatest common factor of 860 and 1220?
20
Calculate the highest common factor of 27 and 250128.
27
What is the highest common divisor of 200 and 110312?
8
Calculate the greatest common factor of 20919 and 192675.
1101
Calculate the greatest common divisor of 54 and 184113.
27
What is the highest common divisor of 1795238 and 2?
2
Calculate the highest common factor of 49396 and 1908.
212
What is the greatest common divisor of 261088 and 5248?
1312
What is the highest common divisor of 22348 and 370?
74
Calculate the highest common factor of 24750 and 300.
150
What is the highest common divisor of 378 and 4824?
18
What is the highest common divisor of 3744 and 576?
288
Calculate the greatest common divisor of 3066 and 147.
21
Calculate the greatest common factor of 27 and 91017.
27
What is the greatest common divisor of 84 and 5131?
7
What is the greatest common factor of 407 and 37939?
11
Calculate the highest common divisor of 2926 and 42218.
418
Calculate the greatest common divisor of 1656 and 74106.
414
What is the highest common divisor of 3252 and 39837?
813
Calculate the greatest common factor of 1816505 and 205.
205
Calculate the highest common divisor of 242643 and 2349.
87
What is the greatest common factor of 4902 and 2166?
114
What is the highest common divisor of 16254 and 18?
18
What is the highest common divisor of 8 and 371512?
8
What is the greatest common factor of 138362 and 518?
14
What is the highest common factor of 183 and 1659261?
183
Calculate the highest common factor of 2656 and 853738.
166
Calculate the greatest common factor of 49 and 207760.
49
Calculate the greatest common divisor of 120 and 51920.
40
What is the highest common factor of 5460 and 25844?
364
Calculate the greatest common factor of 3150 and 12775.
175
Calculate the highest common divisor of 37085 and 1.
1
What is the highest common factor of 40426 and 102?
34
Calculate the highest common divisor of 29 and 81751.
29
What is the greatest common divisor of 7152 and 2086?
298
Calculate the greatest common factor of 69 and 333132.
69
What is the highest common factor of 13 and 690846?
13
Calculate the highest common divisor of 7098 and 5408.
338
What is the greatest common factor of 40131 and 224224?
637
Calculate the highest common factor of 16605 and 12300.
615
What is the highest common divisor of 208 and 9163024?
208
Calculate the greatest common divisor of 26 and 936533.
13
What is the greatest common divisor of 1875 and 33?
3
Calculate the highest common divisor of 12974 and 527942.
998
Calculate the highest common divisor of 78445 and 58.
29
What is the greatest common factor of 78048 and 528?
48
Calculate the highest common divisor of 280436 and 1144.
52
What is the highest common divisor of 48 and 31332?
12
What is the highest common divisor of 150 and 3255?
15
What is the greatest common factor of 312 and 1742?
26
What is the highest common factor of 1908 and 2160?
36
Calculate the highest common factor of 656972 and 161.
23
What is the greatest common factor of 553 and 30099?
79
What is the highest common factor of 1201635 and 215?
215
Calculate the greatest common divisor of 6 and 352786.
2
Calculat